?
-29
Let m(p) = -10*p**2 - 102*p + 238. Let r be m(-12). Let h(d) = 3*d**2 - 69*d + 62. What is h(r)?
-4
Let r(p) = -9*p + 16*p - 6*p. Suppose -2*d + 29 = 4*f - 7*d, -3*d = -f + 2. Let l = -17 + f. Determine r(l).
-6
Let u be 9/(-1) + (-1 - -2). Let w be 1/2 + 21/14. Let t(m) = m**2 - 11*m + 3. Let v(j) = -j**2 + 2*j. Let c(k) = w*v(k) + t(k). What is c(u)?
-5
Let f(j) = j**2 + j - 5. Suppose c = s - 1, -3*s + 2*c - c + 13 = 0. Let i = s - 4. Suppose p + p = 5*w + 3, -11 = -i*p - 3*w. What is f(p)?
15
Let b(q) = -q**3 + 10*q**2 + 12*q - 6. Let n(p) = 6*p - 13. Let d be n(3). Suppose 4*o = -d*k + 29, -2*k + 11 = -0*o + o. Let c be 6 - -2 - (o + -4). Give b(c).
5
Let p(g) = g + 12. Let b = 19279 - 19288. Give p(b).
3
Let b(o) = -6 - 14 + 18 - 14*o + 11*o - o**2. Give b(3).
-20
Let i(a) = 4*a - 4. Suppose 8*s + 28 = 12*s. Let o be (s/21)/((-1)/3). Give i(o).
-8
Let d(p) = 2*p**2 + 16*p - 14. Let h = 2334 + -2342. What is d(h)?
-14
Let v(y) be the third derivative of y**8/10080 + y**7/1680 - 41*y**5/20 + 154*y**2. Let g(u) be the third derivative of v(u). What is g(-2)?
2
Let r(p) be the second derivative of -p**3/6 - 3*p**2/2 - 345*p. Determine r(9).
-12
Let q be -3 - 4 - (-234 + -2). Let m = q - 238. Let v(d) = -2*d - 4. Determine v(m).
14
Let q = 23 - 21. Let o be (-57)/6*((-1 - -1) + q). Let m = o + 22. Let f(y) = y**3 - 3*y**2 + y + 3. Calculate f(m).
6
Let k be (393 + -391)/((-2)/15). Let q(r) = 4*r + 12. Give q(k).
-48
Let p(z) be the second derivative of z**4/12 + 5*z**3/2 - 37*z**2/2 - z - 85. Determine p(-9).
-91
Let s(z) = -z - 1. Let j(p) = -p**3 + 11*p**2 + 25*p + 4. Suppose 31 - 5 = 2*m. Let v be j(m). What is s(v)?
8
Let s(b) = -b**3 - 7*b**2 - 5*b - 7. Let k be 3*2*8/16. Suppose -2*o + 2*w + 2*w - 22 = 0, -k*w = o + 1. Give s(o).
28
Let o(p) = -6*p**3 + 29*p**2 + 3*p - 2. Suppose -130*f = -548 - 267 + 165. Calculate o(f).
-12
Suppose 1 = -2*t + 3. Let h(s) be the second derivative of 7*s**3/6 - s**2 - 237196*s. Determine h(t).
5
Let r(f) = 12*f + 4. Let v be -5*(-8)/(-20)*30/(-20). What is r(v)?
40
Let m(t) = -t**2 - 28*t - 26. Let c be m(-26). Suppose c*a = 85 + 19. Let o(p) = -2*p - 6. Give o(a).
-14
Let l = 9 + -7. Let p(r) = -r**l + 3*r - r - 2 - 6*r. Suppose 3*n = -t + 4, 3*t = -2*n - 11 + 9. Calculate p(t).
2
Suppose 18 = -5*i + 23. Let j = 16 + -6. Let t(z) = 1 - 10 + j + 9*z. Calculate t(i).
10
Let y(u) = -32*u**3 - 3*u**2 + 2*u + 12. Let j(x) = 25*x**3 + 2*x**2 - x - 11. Let h(z) = 5*j(z) + 4*y(z). Determine h(3).
-97
Let s(b) be the first derivative of -b**5/120 + b**4/12 + 20*b**3/3 - 46. Let r(v) be the third derivative of s(v). Calculate r(2).
0
Let y(p) = p - 25*p**2 + 1 - 9*p + 10*p + 14*p**2. Let j(i) = -6*i + i - 1 - i - i**2. Let m be j(-6). What is y(m)?
-12
Suppose -2*l = 3*u - 25, 6*l - 1 = 7*l. Let o(z) = -5*z**3 + 2*z**3 + u*z**3 - 10 - 7*z**3 - 8*z**2 + 9*z. Give o(-9).
-10
Let g(f) = -83*f - 2488. Let i be g(-30). Let p(x) be the first derivative of -i*x - 11 - 1/2*x**2. Determine p(3).
-5
Let y = 5 - 2. Let r(d) = -5*d**2 - 31*d - 3. Let c be r(-6). Let x(n) = c + 2 - 2 - 2 + 2*n**y. Give x(-2).
-15
Let r(f) = f + 10. Let d(p) = -8*p + 55. Let h(i) = 2*d(i) - 6*r(i). Calculate h(2).
6
Let g be 177/21 + 12/(-28)*1. Let c(y) = -37 - 38 + g*y**3 - y**2 + 74 + y. Calculate c(1).
7
Let d(n) = n**3 - 72*n**2 + 144*n - 287. Let t = -22341 + 22411. Determine d(t).
-7
Let n(j) = 20 + 11 + j + 19358*j**3 - j**2 - 19359*j**3. Give n(0).
31
Let y(u) = -108*u - 10*u + 71 + 143*u. Give y(-3).
-4
Let d(u) be the second derivative of 0*u**3 + 0*u**2 + 1/120*u**5 - 1/6*u**4 - 1/720*u**6 + 0 + 6*u. Let o(y) be the third derivative of d(y). Determine o(0).
1
Let f(v) = -v**3 + 5*v**2 - 4. Let d = 10958 - 10956. Calculate f(d).
8
Suppose 0 = -a - a + 6. Let q(g) be the third derivative of -g**5/60 + g**4/12 - 48*g**2 - 6. Give q(a).
-3
Let p(l) be the first derivative of 0*l**3 + 1/24*l**4 - 33 + 9/2*l**2 + 0*l + 7/60*l**5. Let i(w) be the second derivative of p(w). Calculate i(-1).
6
Let j(u) = u**2 + 15*u + 6. Let t(f) = -2*f**2 - 31*f - 12. Let p be (-451)/66 - 10/(-12). Let i(m) = p*t(m) - 13*j(m). What is i(-6)?
12
Suppose 2*p + 174 = 2*f + 202, 3*p - 2*f = 36. Let c(i) = i**3 - 10*i**2 + 17*i - 7. Calculate c(p).
1
Let r = -49 + 42. Let v(o) = -9*o**3 + 19*o**2 - 2*o - 13. Let x(y) = -5*y**3 + 10*y**2 - y - 7. Let u(n) = r*x(n) + 4*v(n). Determine u(3).
21
Let p(f) = 2*f**2 + 13*f + 2. Suppose -8*t - 24*t - 192 = 0. Give p(t).
-4
Let t(o) = -o**2 - 15*o - 12. Let i be t(0). Let s(r) = r**3 + 13*r**2 + 12*r + 12. Calculate s(i).
12
Let w(t) = 3*t - 4. Suppose 50 = 5*z - 4*h, -4*z - 13 = 3*h - 22. Calculate w(z).
14
Let p(x) = 18*x - 30. Let v be p(2). Let a(u) = -u**2 + 43. Let d be a(v). Let n(r) = 1 + 4 - 2*r + 0. Calculate n(d).
-9
Let s(n) = 65182 - 65199 - 5*n - 26*n**2 + 25*n**2. Calculate s(8).
-121
Suppose -45*u + 176 = 41. Let g(w) = 11*w - 9. What is g(u)?
24
Let f(t) = -4*t + 14. Let l(m) = -39*m + 367. Let h(x) = -3*f(x) + l(x). Give h(12).
1
Let k be (-6 - -1)*1/(-1). Let j(v) = 2*v**2 - 8*v + 167. Let q(l) = -4*l**2 + 16*l - 357. Let f(d) = -15*j(d) - 7*q(d). Calculate f(k).
-16
Let q(g) be the third derivative of g**5/20 - g**3 + g**2 - 1035. Calculate q(5).
69
Let r(s) = s**3 - 47*s**2 - 46*s - 105. Suppose 17*y - 14*y + c = 139, 4*y + 5*c - 167 = 0. Give r(y).
-9
Let s(q) = -11*q**2 + 9*q + 7. Let z(f) be the first derivative of 2*f**3/3 + 9. Let a(b) = s(b) + 5*z(b). Calculate a(9).
7
Let h be (-1)/((-8)/(-48)) - -8. Let q(s) = 3 + 5*s**2 + 10*s**h + s**3 - 22*s**2 + 2*s. Let f(b) = -b**2 + 6*b - 2. Let u be f(4). What is q(u)?
-21
Let a(g) be the second derivative of -g**4/12 + g**3 - 3*g**2/2 - 2*g + 12. What is a(0)?
-3
Let g(x) = -10*x + 6 + x**2 + x**3 + 3*x**2 + 4*x. Suppose 16 = -3*r - 20. Let t be (-30)/r*-2*1. What is g(t)?
11
Let t(i) = i**2 - 10*i + 3. Suppose 0 = -4*g - 2 + 18, -g = r + 4. Let o be ((-50)/25)/(2/r). Calculate t(o).
-13
Let f(p) = -6*p - p - p - 1190 + 1381 - p. What is f(21)?
2
Let x(c) = -2*c**2 - 38*c - 70. Let y be x(-21). Let p be (y/(-21))/(18/27). Let a(w) = -w + 13. What is a(p)?
2
Suppose -360 = 3*m - 9*m. Suppose o - 62 = -m. Let h(w) = 2*w**2 + 2*w + 1 - 3*w**2 - w**2 + 3*w**o. What is h(-5)?
16
Let a(w) = 15*w + 8. Let v(b) = 7*b + 4. Let o(q) = 4*a(q) - 9*v(q). Suppose r + 5*g + 33 = -3*r, r + 5 = 2*g. What is o(r)?
17
Let y(l) = -4964*l + 79862. Let m(a) = -9*a + 146. Let s(o) = -2190*m(o) + 4*y(o). What is s(-2)?
0
Let y(o) = -o**2 + 3*o + 4. Let k be y(0). Let l(f) = -k*f + 11*f + 2 - 6*f. Let r be l(3). Let d(v) = 2*v - 7. Determine d(r).
3
Let d(k) be the third derivative of k**6/120 - 3*k**5/20 + k**4/8 - 7*k**3/6 - 5463*k**2. Calculate d(9).
20
Let s be 560/(-84) - (-10 + 1). Let z(i) be the second derivative of 0 + 1/2*i**2 - 16*i + s*i**3. Give z(-1).
-13
Let f(b) be the second derivative of -b**5/20 - 7*b**4/12 + 5*b**3/2 + 49*b**2/2 + 2912*b. Calculate f(-8).
-7
Let p(f) = -f**2 + 3*f - 5. Let b(w) = -3*w + 32. Let m be b(8). Let q be (2 - (1 - -31))/(12/m). Let l = 24 + q. Give p(l).
-9
Suppose -4*f + 6*v - 26 = 0, -3*f - 1 = 2*v + 25. Let h(m) = 5*m + 40. Calculate h(f).
0
Let o(w) = 9*w + 51 - 204 + 19 + 53. Determine o(9).
0
Let b(f) = -f**3 + f**2 + 12*f + 1. Let k be (-19 - 385/(-21)) + 14/3. What is b(k)?
1
Let q(u) = 4*u**3 - u + 4*u**3 - 7 + 5*u**2 - 7*u**3 - 14 + 13. Let p be 21/(-14)*30/9. Give q(p).
-3
Let u(k) = 262 - 88464*k + 12 + 88418*k. Calculate u(6).
-2
Suppose -24*w - 4 = -186 - 442. Let t(s) = s**3 - 27*s**2 + 30*s + 7. Determine t(w).
111
Let h(k) = 445*k - 217*k - 226*k - k**2 + 39. Give h(6).
15
Suppose 5*v - 3*k + 155 - 118 = 0, 0 = -3*k + 27. Let g(z) = 6*z**2 - 5*z + 4. What is g(v)?
38
Let a(i) be the second derivative of -i**6/720 + i**5/120 + 7*i**4/12 + 5*i**2/2 - 46*i + 1. Let r(x) be the third derivative of a(x). What is r(0)?
1
Let z(p) = -p**2 + 6*p - 2. Let n be 78/1911 - (-1458)/294. What is z(n)?
3
Let d(v) = -6*v**3 + 2*v**2 - 5*v - 7. Suppose -4*x - 12 = -4*w, -5*w + 3 + 4 = -x. Let z(p) = -p**3 - p**2 - p - 1. Let j(r) = w*d(r) - 5*z(r). Give j(7).
-2
Let c(h) = h**3 + 2*h**2 + 4*h + 5. Suppose -28*d - 3*x = -26*d + 22, 0 = -4*d - 2*x - 28. Calculate c(d).
-90
Let u(y) = -y**3 - 4*y**2 - 8*y - 7. Suppose 